of 13 and c.
13
Let c = 23 - -17. Let m(x) = x**3 - 9*x**2 + 10. Let h be m(9). What is the highest common divisor of h and c?
10
Suppose q + 4*i - 10 = -2, 3*q = 5*i - 10. Suppose q = -r + 5*r + 12. Let b = r - -8. What is the greatest common divisor of b and 55?
5
Suppose 2*a - 2*w - 11 = 47, w = 3*a - 97. Let p = -18 + a. What is the highest common divisor of p and 8?
8
Let i be 31 - (2 - 3)/1. Let x be i/40*10/1. Let u be (4/6)/(1/3). Calculate the greatest common factor of x and u.
2
Let r = -88 + 138. What is the greatest common divisor of r and 20?
10
Let t(b) = -12*b + 2*b + 8 - 8. Let u be t(-4). Let k = 26 - 18. Calculate the highest common factor of k and u.
8
Suppose -i = -5*i + 64. What is the highest common divisor of i and 2?
2
Suppose 2*o - 7 = -0*o + 5*a, o - 6 = 5*a. Let i be (3 - o) + -3 - -13. What is the highest common factor of i and 36?
12
Let d = 9 + -5. Suppose -k = d*k - 90. What is the highest common divisor of k and 9?
9
Let q(j) be the second derivative of -7*j**3/3 - j**2 + 5*j. Let x be q(-7). Calculate the greatest common divisor of x and 12.
12
Let v be 168 + 6*(-2)/(-4). Suppose 2*u - 5*u = -3*d - 93, d = 5*u - v. Calculate the greatest common divisor of 14 and u.
7
Suppose 2*b - 3 - 3 = -4*l, 5*l - 3*b = -9. Suppose s + l*s = 1. Let m be (-4 + 3/s)*-18. What is the greatest common divisor of m and 6?
6
Suppose -f + 6*f = 30. Let r(k) = -k**3 + 6*k**2 + 3*k. Let a be r(f). Calculate the highest common divisor of a and 144.
18
Let f(p) = 2*p - 2. Let a be f(2). Let q = 3 + a. What is the highest common divisor of 5 and q?
5
Let h = -42 - -82. Suppose -4*u + 267 = -u. Suppose -5*v + 5*b = -55, -2*b + u = 4*v + 3*b. What is the greatest common divisor of h and v?
8
Suppose -23 + 83 = 2*n. Suppose -107 = -5*l + 5*d - 32, -2*d = 3*l - 45. Calculate the highest common factor of l and n.
15
Let b(u) = u**3 - 7*u**2 - 2*u - 25. Let j be b(8). What is the greatest common divisor of 69 and j?
23
Let s(k) = k + 4. Let a be s(6). Suppose 5*c + 247 = -4*u, -4*c = -4*u - 220 - 0. Let w = u - -128. What is the highest common divisor of w and a?
10
Let h(x) = -x**2 - 13*x - 10. Let p be h(-11). What is the highest common factor of 12 and p?
12
Suppose 5*k - 40 = -2*r, -3*r = -5*k - 6*r + 40. Suppose -2*d = 0, 0 = 4*x + d - 4*d - k. What is the highest common factor of 2 and x?
2
Let m be (1 - 0 - 0) + -17. Let j be m*-3*(-3)/(-6). What is the highest common divisor of 36 and j?
12
Suppose -w + 4*w - 5 = 4*s, 4*s = 2*w - 2. Suppose -j + 196 = w*j. Suppose 0 = 3*x - 4 - 17. What is the greatest common factor of x and j?
7
Let u(b) = -b**2 - 11*b - 6. Let g be (-3 + 2)*1 - 3. Let m be u(g). Let i be 10/55 + (-60)/(-33). Calculate the highest common factor of m and i.
2
Let d be (-21)/(-2)*(0 + 2). Let y = 3 - 0. Calculate the greatest common divisor of d and y.
3
Suppose 0 = -g + 5*o + 88, 5*g - 4*o - 412 = 28. Calculate the highest common divisor of 11 and g.
11
Suppose 3*m = 8*m - 255. What is the greatest common factor of m and 153?
51
Suppose -25 = -3*k + 8. What is the greatest common factor of k and 88?
11
Let f = 19 + -9. Calculate the highest common factor of 10 and f.
10
Let i(f) = 3 - f - 3 + 3. Let g be i(-5). Calculate the greatest common divisor of 24 and g.
8
Let p = 0 - -2. Let b be -1 + (-3 - (-50)/p). Suppose -43 - b = -2*d. What is the greatest common factor of d and 8?
8
Let z(g) = -83*g - 1. Let q be z(-1). What is the highest common divisor of q and 205?
41
Let m be (5/2)/((-6)/(-12)). Suppose -2*o + 58 = -3*r + r, -3*o - m*r = -71. What is the greatest common divisor of o and 108?
27
Let v(d) = -d**3 - 8*d**2 - 3*d - 12. Let w be 75/(-10) - 2/4. Let m be v(w). Suppose -7*p = -3*p - 16. What is the highest common divisor of m and p?
4
Let s = -177 + 282. Calculate the greatest common divisor of s and 42.
21
Let s = -5 + 2. Let h = 0 - s. Let f be 1/((-1)/(-33 + 0)). Calculate the greatest common factor of f and h.
3
Let q be 245/(-21)*-1*3. Let w = 1 - -4. What is the highest common divisor of q and w?
5
Suppose 5*k - 2*s - 844 = k, 3*s = k - 221. Calculate the highest common divisor of k and 19.
19
Suppose -8*x + 6*x = -154. Calculate the highest common divisor of x and 7.
7
Suppose 4*f + 18 = 2*h - f, -5*h + 45 = -f. What is the greatest common factor of 9 and h?
9
Let q(g) = -5*g - 1. Let k be q(-1). Let w be (0 - k)/(2/(-8)). What is the highest common factor of w and 64?
16
Let o = 344 + 72. Let v be (-4)/(-14) + o/14. What is the greatest common factor of 6 and v?
6
Let t(r) = 2*r**3 + 1. Let g be t(1). Let u = -150 + 153. What is the highest common divisor of g and u?
3
Suppose -13*y - 12 = -14*y. Suppose 0 = 3*r - 120 + 48. Calculate the greatest common factor of r and y.
12
Let g(h) = 19*h**2 - 5*h. Let b be g(2). Calculate the greatest common factor of b and 6.
6
Let v be (11/(-2))/(2/(-4)). Suppose -79 - v = -5*o. What is the highest common factor of o and 18?
18
Suppose 3*k - 3 = 15. Suppose 4 = -5*r - 6. Let p be (-4)/r - (-1 - 3). Calculate the highest common factor of k and p.
6
Let m = 29 - 15. Suppose -5*k + m = -4*v, k - 4*k + 10 = -2*v. Calculate the highest common factor of 4 and k.
2
Let u = 81 - 18. Calculate the greatest common factor of u and 9.
9
Suppose 2*w - 2*q - 10 = 0, -1 = q + 2. Suppose -3*g + 19 = 3*a - a, 5*g = 5. What is the highest common factor of w and a?
2
Let j = 21 - 15. What is the highest common factor of j and 15?
3
Let h be (-402)/(-5) - (-9)/15. What is the highest common divisor of h and 27?
27
Let j(q) = -5*q - 10. Let w be j(-7). Calculate the highest common divisor of 75 and w.
25
Let p be (-8)/(44/80*-2 + 1). What is the highest common divisor of p and 200?
40
Let d be 0/(-1) - (-10)/(-5). Let g(x) = 7*x**2 + x - 2. Let o be g(d). What is the greatest common factor of 3 and o?
3
Let j be 1 + ((-2)/(-2) - -38). Suppose 9*q + 8 = 98. What is the greatest common factor of j and q?
10
Suppose 0 = 3*d, -2*d + 17 + 28 = -5*l. Let p(k) = 3 + 1 + 2*k - k - 2*k. Let n be p(l). Calculate the greatest common factor of n and 91.
13
Let f = -8 - -11. Let d = 18 - f. Calculate the highest common factor of 45 and d.
15
Let q = 24 - 7. Calculate the highest common factor of 136 and q.
17
Let o be (-324)/(-15) - (-4)/10. What is the highest common divisor of 55 and o?
11
Suppose -3*s - 2*g + 12 = -4, -4*g = -s + 24. Calculate the greatest common factor of 32 and s.
8
Suppose 0 = -3*a + 29 + 25. Let o = 182 + -128. What is the highest common factor of a and o?
18
Let i = -104 + 108. Calculate the highest common divisor of 12 and i.
4
Let z(m) = m**3 - 12*m**2 + 4*m - 21. Let q be z(12). What is the greatest common divisor of q and 9?
9
Let f(z) = -25*z + 2. Let y(c) = -1. Let t(d) = f(d) - 2*y(d). Let x be t(-6). Calculate the highest common divisor of x and 14.
14
Let z(k) = -k**2 - 9*k - 10. Let n be z(-7). Suppose -3*b + n*b = 36. Let s be (-1 + -1)/(1/(-2)). What is the highest common factor of s and b?
4
Let z = 3 - 1. Let y be 1/(-2) - 3/(-2). Let w be y/2*-2 - -3. What is the highest common divisor of z and w?
2
Let k = 10 - -8. Suppose -3*v + 5*g = -41, -2*v + v + 5*g + 17 = 0. Suppose 3*i + v = 4*i. Calculate the greatest common factor of i and k.
6
Let l = -63 - -72. What is the highest common divisor of 1 and l?
1
Let j(k) = -15*k**3 + k. Let p be j(-1). Suppose 5*u = 2*t + 18, -2*u - 5 = 2*t - 1. Let b = u + 12. What is the highest common factor of b and p?
14
Let t be (8 - 3)/(2/16). Suppose -o - 3*o - 5*s + 25 = 0, 4*o + 3*s - 31 = 0. Calculate the highest common divisor of t and o.
10
Suppose -2*g + 4*m = -4*g + 8, 0 = -3*g + 3*m + 48. Let b be (-2)/(-9) - 318/(-27). What is the greatest common factor of g and b?
12
Let m(z) = -4*z**3 - 2*z - 1. Let t be m(-1). Let k = t - 2. Let c be k/((5/9)/5). What is the highest common factor of 18 and c?
9
Let p(f) = 2*f**2 - 9*f - 9. Let g be p(7). Let s be (10/3 + (-4)/12)*13. What is the greatest common factor of g and s?
13
Let a(z) = 85*z**2 + z - 1. Let x be a(1). Let m(b) = -b - 10. Let h be m(-14). Suppose -155 = -h*o - 19. What is the highest common factor of o and x?
17
Suppose -5*m + 50 = 5. What is the greatest common factor of m and 81?
9
Let p be 0/2 - (-11 - 2). Let w = -89 + 219. Calculate the highest